t of 168773?
8
What is the tens digit of 548?
4
What is the tens digit of 991?
9
What is the units digit of 569?
9
What is the units digit of 644?
4
What is the units digit of 4020?
0
What is the hundreds digit of 80333?
3
What is the ten thousands digit of 10199?
1
What is the thousands digit of 2207?
2
What is the hundreds digit of 366?
3
What is the hundreds digit of 33276?
2
What is the thousands digit of 7124?
7
What is the ten thousands digit of 46100?
4
What is the thousands digit of 3607?
3
What is the hundreds digit of 2819?
8
What is the hundreds digit of 545?
5
What is the units digit of 26576?
6
What is the units digit of 27222?
2
What is the thousands digit of 18104?
8
What is the thousands digit of 22598?
2
What is the tens digit of 6072?
7
What is the hundreds digit of 2355?
3
What is the tens digit of 133017?
1
What is the hundreds digit of 55872?
8
What is the ten thousands digit of 51584?
5
What is the hundreds digit of 3259?
2
What is the ten thousands digit of 23630?
2
What is the tens digit of 17995?
9
What is the units digit of 4991?
1
What is the thousands digit of 6419?
6
What is the hundreds digit of 305?
3
What is the hundreds digit of 503?
5
What is the tens digit of 88845?
4
What is the units digit of 5655?
5
What is the hundreds digit of 50723?
7
What is the units digit of 9255?
5
What is the hundreds digit of 6167?
1
What is the units digit of 255?
5
What is the thousands digit of 11548?
1
What is the hundreds digit of 1873?
8
What is the tens digit of 8488?
8
What is the thousands digit of 10871?
0
What is the units digit of 8034?
4
What is the thousands digit of 50298?
0
What is the units digit of 1971?
1
What is the thousands digit of 5393?
5
What is the tens digit of 2834?
3
What is the tens digit of 32481?
8
What is the units digit of 2523?
3
What is the tens digit of 4790?
9
What is the hundreds digit of 649?
6
What is the tens digit of 2822?
2
What is the units digit of 6068?
8
What is the thousands digit of 3295?
3
What is the thousands digit of 192418?
2
What is the hundreds digit of 337?
3
What is the thousands digit of 88964?
8
What is the hundreds digit of 15490?
4
What is the thousands digit of 6851?
6
What is the tens digit of 1239?
3
What is the hundreds digit of 185?
1
What is the units digit of 316?
6
What is the tens digit of 76474?
7
What is the tens digit of 2161?
6
What is the units digit of 3182?
2
What is the thousands digit of 19541?
9
What is the thousands digit of 2065?
2
What is the tens digit of 6284?
8
What is the units digit of 4622?
2
What is the units digit of 285?
5
What is the hundreds digit of 878?
8
What is the thousands digit of 2527?
2
What is the units digit of 31933?
3
What is the hundreds digit of 41223?
2
What is the units digit of 655?
5
What is the thousands digit of 1124?
1
What is the thousands digit of 4240?
4
What is the tens digit of 196?
9
What is the thousands digit of 4660?
4
What is the ten thousands digit of 10241?
1
What is the units digit of 8951?
1
What is the tens digit of 6179?
7
What is the units digit of 4599?
9
What is the tens digit of 46577?
7
What is the tens digit of 60995?
9
What is the thousands digit of 77091?
7
What is the hundreds digit of 192258?
2
What is the tens digit of 1276?
7
What is the units digit of 22230?
0
What is the ten thousands digit of 158444?
5
What is the tens digit of 93215?
1
What is the hundreds digit of 842?
8
What is the tens digit of 2305?
0
What is the hundreds digit of 2204?
2
What is the hundreds digit of 276?
2
What is the ten thousands digit of 23338?
2
What is the units digit of 3365?
5
What is the tens digit of 392?
9
What is the units digit of 12024?
4
What is the thousands digit of 2004?
2
What is the hundreds digit of 32386?
3
What is the hundreds digit of 30614?
6
What is the tens digit of 12069?
6
What is the hundreds digit of 1778?
7
What is the units digit of 37249?
9
What is the units digit of 21126?
6
What is the ten thousands digit of 50140?
5
What is the tens digit of 450?
5
What is the hundreds digit of 1190?
1
What is the hundreds digit of 1294?
2
What is the units digit of 356?
6
What is the hundreds digit of 2691?
6
What is the units digit of 265?
5
What is the units digit of 371?
1
What is the tens digit of 95?
9
What is the thousands digit of 3827?
3
What is the tens digit of 568?
6
What is the units digit of 207?
7
What is the units digit of 30985?
5
What is the units digit of 393?
3
What is the thousands digit of 5744?
5
What is the hundreds digit of 10372?
3
What is the units digit of 100429?
9
What is the tens digit of 6807?
0
What is the tens digit of 1438?
3
What is the tens digit of 63?
6
What is the ten thousands digit of 19434?
1
What is the tens digit of 3805?
0
What is the thousands digit of 4502?
4
What is the hundreds digit of 1089?
0
What is the thousands digit of 144553?
4
What is the thousands digit of 6642?
6
What is the tens digit of 6515?
1
What is the tens digit of 1743?
4
What is the units digit of 16304?
4
What is the hundreds digit of 515?
5
What is the hundreds digit of 443?
4
What is the hundred thousands digit of 128024?
1
What is the hundreds digit of 59516?
5
What is the ten thousands digit of 60873?
6
What is the thousands digit of 1355?
1
What is the thousands digit of 41252?
1
What is the units digit of 3636?
6
What is the units digit of 1486?
6
What is the hundreds digit of 1525?
5
What is the ten thousands digit of 16655?
1
What is the thousands digit of 6997?
6
What is the tens digit of 43932?
3
What is the units digit of 148160?
0
What is the tens digit of 505?
0
What is the tens digit of 44360?
6
What is the tens digit of 809?
0
What is the tens digit of 3789?
8
What is the tens digit of 101?
0
What is the hundreds digit of 2275?
2
What is the units digit of 23?
3
What is the units digit of 2593?
3
What is the units digit of 1705?
5
What is the hundreds digit of 630?
6
What is the ten thousands digit of 10477?
1
What is the units digit of 16537?
7
What is the ten thousands digit of 66008?
6
What is the hundreds digit of 45205?
2
What is the thousands digit of 9710?
9
What is the ten thousands digit of 104685?
0
What is the hundreds digit of 1351?
3
What is the hundreds digit of 20380?
3
What is the thousands digit of 4741?
4
What is the units digit of 4628?
8
What is the units digit of 36346?
6
What is the hundreds digit of 110?
1
What is the hundreds digit of 863?
8
What is the thousands digit of 54541?
4
What is the hundreds digit of 10591?
5
What is the hundreds digit of 9091?
0
What is the hundreds digit of 7421?
4
What is the hundreds digit of 5414?
4
What is the hundreds digit of 24738?
7
What is the units digit of 36922?
2
What is the hundreds digit of 473?
4
What is the ten thousands digit of 113913?
1
What is the units digit of 14324?
4
What is the thousands digit of 10707?
0
What is the hundreds digit of 1150?
1
What is the hundreds digit of 609?
6
What is the thousands digit of 1178?
1
What is the hundreds digit of 3616?
6
What is the tens digit of 3673?
7
What is the tens digit of 549?
4
What is the ten thousands digit of 133798?
3
What is the units digit of 5946?
6
What is the hundreds digit of 1824?
8
What is the tens digit of 15165?
6
What is the units digit of 587?
7
What is the units digit of 429?
9
What is the units digit of 923?
3
What is the tens digit of 24257?
5
What is the tens digit of 1483?
8
What is the hundreds digit of 1291?
2
What is the thousands digit of 5591?
5
What is the thousands digit of 1555?
1
What is the units digit of 59472?
2
What is the thousands digit of 1639?
1
What is the hundreds digit of 33479?
4
What is the ten thousands digit of 145456?
4
What is the thousands digit of 3633?
3
What is the hundred thousands digit of 150987?
1
What is the units digit of 36310?
0
What is the hundreds digit of 21183?
1
What is the hundreds digit of 165341?
3
What is the tens digit of 25094?
9
What is the hundred thousands digit of 101114?
1
What is the tens digit of 173985?
8
What is the ten thousands digit of 33349?
3
What is the tens digit of 9675?
7
What is the units digit of 6322?
2
What is the units digit of 811?
1
What is the units digit of 6438?
8
What is the ten thousands digit of 22676?
2
What is the thousands digit of 